e i(w).
10
Let v(m) be the second derivative of -m**4/12 + m**3/3 + m**2/2 - 18*m - 4. Let w be 3/(-6) + (-9)/(-2). Suppose -6 = 5*y - w*l, -y + 2*y + 2 = l. Give v(y).
1
Let t(p) be the first derivative of p - 5/2*p**2 + 18. What is t(-2)?
11
Let u = 560 + -422. Let r = -133 + u. Let a(s) = -s**3 + 7*s**2 - 6*s + 6. Calculate a(r).
26
Let c(b) = 0 + 3*b + 16 + b**3 + 10 + 9*b**2 - 21. What is c(-9)?
-22
Suppose 2*k - 16 = 4*d, d + 10 = 2*k - 0*k. Let y be -23*(k - (2 - -4)). Let v = y + -44. Let j(b) = -b**3 + 3*b**2 - b - 1. What is j(v)?
1
Let m(l) be the third derivative of -4*l**4/3 + l**3/2 + 234*l**2. Let s(q) = 19*q - 1. Let a(k) = -3*m(k) - 5*s(k). What is a(-3)?
-7
Suppose -37*g + 25*g + 456 = 0. Let j(a) = a**3 - 39*a**2 + 39*a - 39. Let h be j(g). Let x(i) = 6*i**3 - i**2 + i + 1. Give x(h).
-7
Let b(k) = 2*k + 2*k - 11*k - k**2 + 2*k. Suppose 0*t + 2*t - 4 = 0, 0 = x - t - 2. Let i = -9 + x. Determine b(i).
0
Let f(n) = -25 + n + 52 - 28 + 2*n. Let c(s) = 15*s - 5. Let t(y) = 6*c(y) - 33*f(y). Let b(d) = -14*d + 5. Let z(m) = -5*b(m) + 8*t(m). Determine z(1).
-3
Let d be ((-4)/(-6))/(86/6 + -15). Let z(t) = 75*t**2 + 1. Determine z(d).
76
Suppose -4*q = 4*c - 16, -2*q - 10 = -4*q - 4*c. Let z(m) be the second derivative of 0 - 2/3*m**3 + 0*m**2 - 8*m. What is z(q)?
-12
Let u(s) = -9*s - 18. Let l = -999 - -997. Calculate u(l).
0
Let z(s) = s**3 - 2*s**2 - 5*s - 8. Let l be z(4). Let g(i) = l - 48941*i**2 - i + 48941*i**2 + i**3. What is g(-2)?
-2
Let v(h) = -h**3 - 2*h**2 + 2*h - 2. Let d(z) = -49*z + 45. Let i be d(1). Calculate v(i).
22
Let q(b) be the third derivative of b**6/120 - b**5/20 - 7*b**4/24 + 5*b**3/6 + 2*b**2 - 382*b + 3. What is q(4)?
-7
Suppose 15*c = 5*c - 70. Let p(w) = -8*w - 47. Give p(c).
9
Let f be (6/(-4))/((-18)/(-96)). Let b(j) = 15*j**2 + 23*j + 5 + 3 - 18*j**2. Let w(o) = -2*o**2 + 12*o + 4. Let z(d) = -3*b(d) + 5*w(d). Calculate z(f).
4
Let m(x) = x**2 - 11*x + 19. Let n(w) be the second derivative of w**3/6 + 11*w**2/2 - 44*w. Let j be n(-3). What is m(j)?
-5
Let u(f) = 8*f + 122 + 132 + 111 - 368. Determine u(-2).
-19
Let p(q) = 3*q**3 + 2*q + 3. Let x(z) = -4*z**3 + z**2 - 3*z - 3. Let r(c) = -3*p(c) - 2*x(c). Let w = 83 - 86. Give r(w).
6
Let b = 70 + -29. Let v = 41 - b. Let q(f) be the third derivative of f**6/120 - 7*f**3/2 - 26*f**2 - 2. Give q(v).
-21
Let x(b) = 3*b - 32. Let i be x(12). Let g be (42/(-30) + -1)/(i/(-10)). Let y(u) = u**3 - 5*u**2 - 5*u + 1. Give y(g).
7
Let x(q) be the first derivative of -4*q**3 + q**2 + 4*q - 7014. What is x(-2)?
-48
Let b(l) = -l**2 - 6*l - 45. Let t be b(26). Let y = 864 + t. Let k(o) = -o**2 - 15*o - 19. What is k(y)?
7
Let r(p) be the first derivative of p**4/4 - 2*p**3/3 - p**2 + 7*p - 336. Determine r(3).
10
Let p(h) = -6*h + 8. Let l(t) = 4*t + 3. Let k(a) = -2*l(a) + p(a). Calculate k(1).
-12
Let h(y) = -11*y**3 - 9*y**2 - 23*y - 30. Let j(d) = -47*d**3 - 36*d**2 - 100*d - 120. Let a(m) = -17*h(m) + 4*j(m). Give a(7).
65
Let i(f) be the third derivative of -f**5/60 + 29*f**4/24 - 27*f**3/2 - 15*f**2 - 9*f. What is i(26)?
-3
Let i(n) = 15*n + 4. Let m(u) be the first derivative of 8*u**2 + 5*u - 103. Let a(x) = -3*i(x) + 2*m(x). What is a(-1)?
11
Suppose 9*r - 21*r + 38 = -22. Let w(o) be the first derivative of -o**2/2 - 4*o + 1. Let b be w(r). Let f(k) = -k**2 - 9*k + 4. Determine f(b).
4
Suppose 0 = 4*h - 3*t + 2*t - 1604, -5*t - 420 = -h. Let m = -405 + h. Let y(s) = -2*s**2 - 8*s - 5. Calculate y(m).
-15
Let t(y) = y**3 - 141*y**2 + y + 1. Let f(s) = -4*s**3 + 426*s**2 - 10*s + 2. Let j(z) = f(z) + 3*t(z). Calculate j(2).
-5
Let s(y) = -269 - 31*y + 140 + 148. Let p(h) = 7*h - 5. Let i(w) = -9*p(w) - 2*s(w). Calculate i(9).
-2
Let h(r) = r**3 - r**2 + r - 5. Let v = 2843 - 2843. Give h(v).
-5
Let i(n) = 68*n - 208. Let u be 75/10 + (-1 - 7/2). Determine i(u).
-4
Let y(q) = 309 - 2*q**2 - 329 + q**2 + 8*q. Let a be y(4). Let j(x) = 4*x + 3. Give j(a).
-13
Let a(l) be the second derivative of -l**5/20 + 17*l**4/12 - 13*l**3/6 - 19*l**2/2 - 13*l - 80. Calculate a(16).
29
Let c(t) = 5*t**3 - 9*t**2 - 9. Let w(i) = -4*i**3 + 8*i**2 + 8. Let b(d) = 5*c(d) + 6*w(d). Suppose -12*z + 16*z = 4*g + 4, -4*z - 2*g = 20. What is b(z)?
3
Let v(f) = f**2 + 3*f - 6. Let w(h) = h**3 + 7*h**2 + 2*h + 5. Let k be w(-7). Let u be 34*((-27)/(-6))/k. Let l = 12 + u. What is v(l)?
4
Let o(g) = -2*g - 44. Suppose -4*b - 6 = -38. Suppose 2*c = -b*c - 200. Let d be o(c). Let l(q) = -q**2 - 3*q + 5. What is l(d)?
1
Let j(o) be the first derivative of -o**4/4 - 4*o**3/3 - 25*o**2/2 - 153*o + 3251. What is j(-5)?
-3
Let s(r) = -149*r**3 + 12*r**2 + 25*r - 28. Let y(d) = 186*d**3 - 12*d**2 - 26*d + 27. Let z(g) = 5*s(g) + 4*y(g). What is z(13)?
72
Let d(x) = -7*x + 125. Let t be d(13). Let v(u) = -71*u + 0 - 1 + t*u + 35*u - 11*u**2. Determine v(-1).
-10
Let d(s) = -115*s**2 + 16*s + 11 - 18 + 114*s**2 - 50. What is d(10)?
3
Let d(o) = 2*o**3 + o. Let l(s) = -15*s**3 + 15*s**2 - 21*s - 9. Let y(a) = 7*d(a) + l(a). Calculate y(14).
-9
Let h(u) = 12*u**3 - u + 1. Let i = 46 - 14. Let y = i - 6. Suppose -y*q = -20*q - 6. Calculate h(q).
12
Let b(t) = t**3 - 11*t**2 - 2*t + 12. Let x = -311 + 549. Let m = 249 - x. Give b(m).
-10
Let k(v) = 36*v**2 - 24*v - 24. Let x(c) = -2*c**3 + 55*c**2 + 2*c + 727. Let p be x(28). Calculate k(p).
36
Let x(u) = 4*u + 2. Let l = 29 + -22. Suppose -9*z = -l*z - 4. Let d be (1/(-2))/((2 + z)/(-24)). Determine x(d).
14
Let a(d) = 348*d**2 - 18 - 350*d**2 + 10*d - 46*d. Calculate a(-18).
-18
Let z = -1316 + 784. Let q = z - -539. Let f(a) = -a**3 + 8*a**2 - 7*a + 6. What is f(q)?
6
Let k(y) = -2*y - 6. Let m(g) = -g - 3. Let r(f) = -4*k(f) + 7*m(f). Let n be 15/70 - 1044/168. Calculate r(n).
-3
Let p be ((-168)/(-48))/(7/4). Let g(q) = -2*q**3 + 3*q - 2. Calculate g(p).
-12
Let r(h) = 489 + h - 228 - 268. Let p be -2 - (2 + (-18)/2). Give r(p).
-2
Let g(q) be the third derivative of -7*q**5/30 - q**4/24 + q**2. Let b be 2*9/6 - -93. Let o = -97 + b. Determine g(o).
-13
Let p be 1456/65 - 7/((-175)/(-10)). Let w(h) = -h**2 + 20*h + 49. Calculate w(p).
5
Let g(q) = q**3 - 8*q**2 + 7*q + 19. Let f be g(8). Let r = -88 + f. Let k(p) = p**2 + 14*p + 11. Give k(r).
-2
Let l(i) = -i**2 - 5*i + 2. Let u = -110 - -32. Let y = u + 75. What is l(y)?
8
Let v(l) = 3*l**2 - 3*l + 3. Suppose 35*p - 20 = 31*p. Suppose 5*a = 5*i + 6*a - 15, 5*i - a - p = 0. What is v(i)?
9
Let a be 1/(1 - (-3)/(-45)*14). Let b(r) = r**3 - 16*r**2 + 13*r + 33. Let y be b(a). Let j(i) = -24 + 22 + y*i - 2*i + 3*i. Give j(-2).
-10
Let g(c) = c**3 + 15*c**2 + 41*c - 19. Let a be g(-11). Let o(m) = 2*m - 34. Determine o(a).
-6
Let p(n) = -n**2 - 7*n - 5. Let b(y) = 3*y + 31. Let f = -268 + 256. Let g be b(f). Give p(g).
5
Let g(l) be the second derivative of l**5/20 + 4*l**4/3 + l**3/6 - 3*l**2 - 3*l + 301. Calculate g(-16).
-22
Suppose -7 = 4*b - 31. Suppose 0 = b*x + 137 - 119. Let c(i) be the third derivative of i**6/120 + i**5/12 + i**4/6 + 2*i**3/3 - 2*i**2. Determine c(x).
10
Suppose 1118*v + 208 = 1131*v. Let z(d) be the third derivative of v*d**2 + 1/2*d**3 + 0 + 0*d + 1/24*d**4. Determine z(-6).
-3
Let x(w) = 8*w + 8*w - 108564*w**3 - 14*w**2 - 7 + 108562*w**3. Give x(-8).
-7
Suppose 0 = -3*m - 5*z + 284, 5*m = 2*m + 5*z + 274. Let s(n) = 3 - 6*n + 3*n**2 + m*n**3 - 46*n**3 - 46*n**3. Determine s(-5).
-17
Suppose 61*h - 46 - 108 = -16*h. Let w(m) be the first derivative of h*m + 3 - 1/2*m**2. Determine w(9).
-7
Let r(f) be the second derivative of -31*f**3/6 - 19*f**2/2 - 19*f + 64. Calculate r(-2).
43
Let w be 11/11*(21 + 1). Suppose 14 = -3*b - 1, 2*j = 2*b + w. Let n(t) = t**2 - 3*t - 4. Determine n(j).
14
Suppose -1 = -g + 1. Suppose -t + 61 = -5*t + f, 5*t + 74 = g*f. Let p be (-4 + 2 - -7)*t/40. Let n(u) = -4*u - 1. Give n(p).
7
Suppose 6*h = -484 + 448. Let x(n) be the second derivative of -n**3/2 - 4*n**2 - 28*n. Calculate x(h).
10
Let m(b) = 18*b**2 + 242*b + 99. Let o be m(-13). Let d(f) = 2*f**2 + 6*f - 15. What is d(o)?
5
Suppose -9*s + 986 = 25*s. Let b = s + -20. Let c(y) be the first derivative of -y**3/3 + 5*y**2 - 10*y - 4. What is c(b)?
-1
Suppose 0 = -42*m - 29*m + 11*m + 300. Let n(f) = f**3 - 4*f**2 - 24*f + 93. What is n(m)?
-2
Let c(u) = -u**2 - 6*u -